Calculate the remainder when 25 is divided by h.
1
Let k(c) = 4*c**2 - 2*c - 3. Suppose -r + 3*f = -4*r + 15, -4*r + 2*f = -14. Let z be (0 + -1)/(r/(-12)). Calculate the remainder when k(z) is divided by 14.
13
Let l = 11 - 6. Let k(i) = 3*i**2 - 16*i - 3. Calculate the remainder when k(6) is divided by l.
4
Let k(u) = -u + 88. Suppose -4*l + 10 = l. Suppose -3*r + l*a = -78, 4*r + r - a = 130. What is the remainder when k(-13) is divided by r?
23
Calculate the remainder when 185 is divided by (-36)/234 - 249/(-13).
14
Let m = -4 - -7. Suppose -124 = -5*v + m*c, -5*v - 7*c + 103 = -3*c. Calculate the remainder when (704/(-48))/((-2)/9) is divided by v.
20
Suppose -73*x + 451 = -425. What is the remainder when 22 is divided by x?
10
Let l(v) = 7*v**3 - 2*v**2 + 2*v - 3. Calculate the remainder when l(2) is divided by 12.
1
Suppose 0 = 6*t - 2*t + i - 181, 0 = -3*t + 4*i + 112. What is the remainder when 129 is divided by t?
41
Let b(f) = 26*f - 498. What is the remainder when b(21) is divided by 3?
0
Let h be (-12)/30 - (-267)/5. Suppose 7*t = h + 24. Suppose 4*n = 5*v - 92, -30 = -5*v + n + 68. Calculate the remainder when v is divided by t.
9
Suppose -x - 4*x = 0. Suppose -4*o + 38 + 38 = x. Calculate the remainder when 53 is divided by o.
15
Let g(t) = t**3 + 20*t**2 + 62*t + 212. Calculate the remainder when 38 is divided by g(-17).
13
What is the remainder when (-592)/(-7) + 335/(-35) + 10 is divided by 29?
27
Let q be -5 - (-3)/((-12)/(-20)). Suppose q = 2*y + 3*r - 52, 4*r = -6*y + 2*y + 112. Calculate the remainder when 157 is divided by y.
29
Suppose 4*j - 3*j - 13 = 4*z, -11 = 3*z - j. What is the remainder when 124 is divided by ((-7)/z)/((-5)/20*-1)?
12
Let q(d) = 18*d + 9. Calculate the remainder when 106 is divided by q(1).
25
Let r(q) = -q**3 + 6*q**2 - 2*q. Suppose 0 = -13*i + 30*i - 1513. What is the remainder when i is divided by r(4)?
17
Let o be (-16)/32 - (-2)/4 - -1. Calculate the remainder when 59 is divided by (25*o)/1 + 36/(-12).
15
Let c = -4 + 12. Suppose -6*r + 20 = 2. Calculate the remainder when c/(-12)*3 + 8 is divided by r.
0
Suppose 4*z + 125 = 5*g + z, 0 = -3*g - 2*z + 94. What is the remainder when 223 is divided by g?
27
Suppose -21*j - 2*j + 529 = 0. Suppose -3*f = -3 - 0, -2*w - 4*f + 28 = 0. What is the remainder when j is divided by w?
11
Let b = 134 - 122. Calculate the remainder when b is divided by (6/4)/((-1)/(-2)).
0
Let y be (-8)/(-6)*(-15)/(-20) - -2. Suppose 0*g - 228 = -2*r + 4*g, -y*r = 3*g - 324. Calculate the remainder when r is divided by 38.
34
Suppose -5*j + 70 = -50. Let w(u) = -2*u**3 - u**2 + 2. Let g be w(-2). Suppose -g*d + 15*d = 9. What is the remainder when j is divided by d?
6
Let f = -7 + -45. Let a = f + 96. Calculate the remainder when a is divided by 15.
14
Let o(x) = 6*x + 6. Let f be o(3). Calculate the remainder when 25 is divided by 13/52 - (-3)/(f/70).
7
Let w(o) = -3*o - 17. Suppose 0 = y + 8 - 1. Let g be w(y). Calculate the remainder when 33 is divided by 3/((g - 0)/24).
15
Suppose 2*s - 3*g - 115 = 0, 0 = 3*s + g - 6*g - 174. Calculate the remainder when 101 is divided by s.
48
Let t(p) = 2*p - 3. Let o be t(6). Suppose o*x - 4*x + 115 = 0. Let j = 43 + x. What is the remainder when 78 is divided by j?
18
Suppose -4*x + 19 = 5*b - 453, -4*x = -3*b + 264. What is the remainder when b is divided by 32?
28
Let i(w) = -w**3 - 8*w**2 - 8*w + 3. Suppose 5*x + 4 + 16 = 0. Let p be -7 - 1/x*0. Calculate the remainder when i(p) is divided by 6.
4
Suppose -2*s + s - 2 = 0. Calculate the remainder when ((-222)/(-12))/((-2)/24*s) is divided by 14.
13
Let x(d) = 3*d**2 - 12*d - 7. What is the remainder when x(12) is divided by 47?
46
Suppose 3*u + 2 = 4*u. Suppose -5*v - 5*l = -105, -2*v = -7*l + u*l - 63. Calculate the remainder when v is divided by 5.
4
Let h = 35 - 30. What is the remainder when 60 + -1 + 25/h is divided by 13?
12
Let k(t) = -79*t - 2. Let b = 15 - 16. What is the remainder when k(b) is divided by 13?
12
Calculate the remainder when 30 is divided by ((-161)/63)/(3/(-27)).
7
Let u(q) = q**2 - 6*q - 6. Let y be (9*2)/((-30)/100). Calculate the remainder when u(8) is divided by (-5)/(-2)*y/(-50).
1
Let g(s) = -3*s**2 + 29*s - 34. Suppose -5*d + 0*d = -175. Calculate the remainder when d/(-2)*(-8)/10 is divided by g(8).
2
Let r = -93 - -102. Calculate the remainder when 138/(3 + 0) - -5 is divided by r.
6
Suppose 3*c - 2*j - 8 = 2*j, 2*j = 2*c - 6. Suppose -n = 3*s + 26 - 25, 3*s + 6 = 0. What is the remainder when n is divided by c?
1
Let w(v) = v**2 - 15*v - 21. Calculate the remainder when 269 is divided by w(19).
49
Let o(j) = -j**2 + 1. Suppose -w - 4*w = 30. Let y(a) = 4*a**2 + a - 3. Let p(n) = w*o(n) - y(n). What is the remainder when 26 is divided by p(-2)?
5
Let y(q) = 4*q**2 + q. Suppose 0*u - u + 40 = 0. Calculate the remainder when u is divided by y(-2).
12
Suppose -4*a = 20, 0 = -12*c + 10*c - 2*a + 36. What is the remainder when 249 is divided by c?
19
What is the remainder when (-1449)/(-18) + 1/2 is divided by ((-7)/2)/((-2)/8)?
11
Let j(m) = 4*m + 92. What is the remainder when 55 is divided by j(-21)?
7
Let x(j) = j**3 - 5*j**2 + 4*j + 23. What is the remainder when x(6) is divided by 15 - ((2 - 1) + -3)?
15
Let d(i) = 2*i**3 - 3*i**2 - 6*i + 3. What is the remainder when d(4) is divided by (-2625)/(-125) - (6 - 0)?
14
Let u = 441 + -420. Calculate the remainder when 38 is divided by u.
17
Suppose 4*i - y - 2430 = 0, i + 44*y = 39*y + 618. What is the remainder when i is divided by 29?
28
Let w = 47 - 69. Let z = w - -56. Calculate the remainder when 235 is divided by z.
31
Let w(t) = -t - 37. Let v(h) = h + 38. Let a(y) = 4*v(y) + 3*w(y). What is the remainder when 86 is divided by a(-12)?
28
Let g(d) = 22*d - 14*d + 12*d**2 + 4 + d**3 - 5*d. Calculate the remainder when g(-10) is divided by 35.
34
Let c(q) = 4*q + 2. Let k be c(-4). Let b = k - -18. Suppose -t = -0*t - 3*d - 11, b*d + 4 = 0. Calculate the remainder when 38 is divided by t.
6
Let s(a) = -a**2 + 6*a - 3. Let d be ((-8)/(-10))/(3/15). Suppose -7*o + 20 = -2*o. What is the remainder when s(d) is divided by o?
1
Suppose -11 = -3*f + 4. Suppose -4*h = f*m, 5*m + 5*h = 1 - 6. Suppose -3*d = -4*x - 26, -d + 0*x + 3*x = -2. Calculate the remainder when d is divided by m.
2
Calculate the remainder when 77 is divided by 4 - (-84)/6 - (-3 + -2).
8
Let z(t) = -t**3 - 2*t**2 + 2*t + 13. Let g(s) = s**3 + 2*s**2. Let v be g(-2). Suppose v = -u + 6*u - 25. Calculate the remainder when z(0) is divided by u.
3
Let c(q) = q**3 - 5*q**2 - 5. Calculate the remainder when c(7) is divided by 33.
27
Let t be 3 - 18/(-3) - 4. Suppose -5*m + 540 = t*z, -4*m + 3 = -z + 86. Calculate the remainder when z is divided by 26.
25
Suppose -3*a - 4*l = -0*a + 542, -4*a - l - 701 = 0. Let s = -120 - a. Suppose 3*j = -0*j + s. Calculate the remainder when 53 is divided by j.
17
Let i = 204 + -157. Calculate the remainder when 181 is divided by i.
40
Let u = -383 + 402. Calculate the remainder when u is divided by -2 + 5 + 2 + 0.
4
Let u(f) = 4*f**3 + 57*f**2 - 15*f - 4. What is the remainder when u(-14) is divided by 31?
30
Let w = 20 + -18. Let n = w + -34. What is the remainder when 13 is divided by 7/((-28)/n) + 0?
5
Let z = -20 + 30. Suppose -2*q - 4*q = -234. Calculate the remainder when q is divided by z.
9
Let o(k) = 7*k**2 + 45*k + 148. Calculate the remainder when 1289 is divided by o(-3).
73
Let w be ((-75)/(-6))/(-5)*(-22)/55. Calculate the remainder when 104 is divided by 2 - w - (6 - 58).
51
Suppose 0*z - z = 3*b - 7, -2*z - 3*b = -11. Calculate the remainder when ((-2)/(-4))/(1974/140 - 14) is divided by z.
1
Suppose 3*y = 2*o + 10, 4*y - 6 = -o + 11. Let t = 8 - o. Calculate the remainder when t is divided by 1.
0
Let x be ((-16)/32)/(2*(-2)/40). Suppose 4*q = b - x, 3*q = b + 8*q - 23. Calculate the remainder when 74 is divided by b.
9
Suppose 7 = 3*v - 104. Calculate the remainder when v is divided by 8.
5
Calculate the remainder when 684 is divided by 6/8 + (-1751)/(-412).
4
Let v(q) = 125*q**2 + 6*q + 5. Calculate the remainder when v(-1) is divided by 18.
16
Let n = 80 + -139. Let c = -38 - n. Calculate the remainder when (-41)/((-2 + -1)/3) is divided by c.
20
Suppose 5*d = d - i + 144, 1